 the remainder when 58 is divided by 11?
3
What is the remainder when 223 is divided by 46?
39
What is the remainder when 3609 is divided by 55?
34
What is the remainder when 362 is divided by 190?
172
Calculate the remainder when 460 is divided by 118.
106
What is the remainder when 259 is divided by 7?
0
Calculate the remainder when 5695 is divided by 38.
33
What is the remainder when 324 is divided by 43?
23
What is the remainder when 2077 is divided by 58?
47
Calculate the remainder when 410 is divided by 212.
198
What is the remainder when 1328 is divided by 36?
32
What is the remainder when 4588 is divided by 28?
24
Calculate the remainder when 11213 is divided by 89.
88
What is the remainder when 1134 is divided by 540?
54
What is the remainder when 266 is divided by 82?
20
What is the remainder when 372 is divided by 22?
20
What is the remainder when 174 is divided by 65?
44
Calculate the remainder when 423 is divided by 21.
3
What is the remainder when 476 is divided by 157?
5
Calculate the remainder when 1398 is divided by 140.
138
Calculate the remainder when 552 is divided by 37.
34
What is the remainder when 1036 is divided by 256?
12
What is the remainder when 3434 is divided by 231?
200
What is the remainder when 446 is divided by 316?
130
Calculate the remainder when 39 is divided by 24.
15
Calculate the remainder when 3024 is divided by 192.
144
Calculate the remainder when 242 is divided by 117.
8
What is the remainder when 71 is divided by 39?
32
What is the remainder when 2527 is divided by 1255?
17
What is the remainder when 3931 is divided by 19?
17
What is the remainder when 849 is divided by 28?
9
Calculate the remainder when 207 is divided by 48.
15
What is the remainder when 639 is divided by 15?
9
Calculate the remainder when 303 is divided by 51.
48
Calculate the remainder when 1447 is divided by 53.
16
What is the remainder when 469 is divided by 155?
4
Calculate the remainder when 250 is divided by 35.
5
Calculate the remainder when 8399 is divided by 70.
69
What is the remainder when 1295 is divided by 39?
8
What is the remainder when 41286 is divided by 19?
18
What is the remainder when 243 is divided by 107?
29
What is the remainder when 512 is divided by 139?
95
What is the remainder when 823 is divided by 38?
25
Calculate the remainder when 25 is divided by 12.
1
What is the remainder when 1204 is divided by 308?
280
Calculate the remainder when 1233 is divided by 42.
15
Calculate the remainder when 475 is divided by 28.
27
Calculate the remainder when 176 is divided by 18.
14
What is the remainder when 467 is divided by 60?
47
Calculate the remainder when 307 is divided by 49.
13
Calculate the remainder when 25 is divided by 16.
9
Calculate the remainder when 938 is divided by 187.
3
Calculate the remainder when 365 is divided by 46.
43
Calculate the remainder when 2792 is divided by 19.
18
What is the remainder when 93 is divided by 33?
27
Calculate the remainder when 7124 is divided by 25.
24
What is the remainder when 1856 is divided by 8?
0
What is the remainder when 263 is divided by 31?
15
Calculate the remainder when 91 is divided by 19.
15
What is the remainder when 512 is divided by 86?
82
Calculate the remainder when 187 is divided by 79.
29
What is the remainder when 2087 is divided by 91?
85
What is the remainder when 357 is divided by 30?
27
Calculate the remainder when 699 is divided by 22.
17
What is the remainder when 565 is divided by 68?
21
Calculate the remainder when 1664 is divided by 821.
22
What is the remainder when 1964 is divided by 82?
78
What is the remainder when 13024 is divided by 26?
24
Calculate the remainder when 8225 is divided by 39.
35
Calculate the remainder when 368 is divided by 12.
8
What is the remainder when 897 is divided by 90?
87
What is the remainder when 795 is divided by 57?
54
Calculate the remainder when 2542 is divided by 88.
78
Calculate the remainder when 565 is divided by 227.
111
Calculate the remainder when 339 is divided by 163.
13
What is the remainder when 567 is divided by 209?
149
Calculate the remainder when 771 is divided by 12.
3
What is the remainder when 224 is divided by 112?
0
What is the remainder when 131 is divided by 33?
32
Calculate the remainder when 72 is divided by 38.
34
What is the remainder when 38 is divided by 13?
12
Calculate the remainder when 177 is divided by 12.
9
What is the remainder when 394 is divided by 66?
64
Calculate the remainder when 1042 is divided by 251.
38
Calculate the remainder when 9635 is divided by 23.
21
Calculate the remainder when 824 is divided by 166.
160
What is the remainder when 971 is divided by 81?
80
What is the remainder when 284 is divided by 131?
22
What is the remainder when 15391 is divided by 104?
103
What is the remainder when 64 is divided by 17?
13
What is the remainder when 28533 is divided by 174?
171
Calculate the remainder when 249 is divided by 31.
1
What is the remainder when 550 is divided by 46?
44
Calculate the remainder when 29734 is divided by 252.
250
What is the remainder when 164 is divided by 51?
11
Calculate the remainder when 77399 is divided by 15.
14
Calculate the remainder when 1329 is divided by 133.
132
What is the remainder when 295 is divided by 227?
68
Calculate the remainder when 53 is divided by 15.
8
Calculate the remainder when 1422 is divided by 280.
22
What is the remainder when 727 is divided by 56?
55
Calculate the remainder when 142 is divided by 9.
7
What is the remainder when 564 is divided by 98?
74
Calculate the remainder when 136 is divided by 35.
31
What is the remainder when 164 is divided by 82?
0
What is the remainder when 50 is divided by 13?
11
Calculate the remainder when 250 is divided by 99.
52
Calculate the remainder when 2797 is divided by 108.
97
What is the remainder when 5249 is divided by 277?
263
Calculate the remainder when 41 is divided by 14.
13
Calculate the remainder when 1650 is divided by 13.
12
Calculate the remainder when 321 is divided by 19.
17
Calculate the remainder when 705 is divided by 81.
57
What is the remainder when 176 is divided by 62?
52
Calculate the remainder when 242 is divided by 31.
25
What is the remainder when 116 is divided by 61?
55
Calculate the remainder when 40 is divided by 27.
13
What is the remainder when 145 is divided by 26?
15
Calculate the remainder when 79 is divided by 22.
13
Calculate the remainder when 333 is divided by 50.
33
Calculate the remainder when 494 is divided by 84.
74
Calculate the remainder when 2773 is divided by 8.
5
Calculate the remainder when 265 is divided by 88.
1
What is the remainder when 2192 is divided by 78?
8
What is the remainder when 1546 is divided by 386?
2
Calculate the remainder when 479 is divided by 44.
39
What is the remainder when 232 is divided by 125?
107
Calculate the remainder when 533 is divided by 49.
43
What is the remainder when 212 is divided by 24?
20
Calculate the remainder when 123 is divided by 101.
22
What is the remainder when 454 is divided by 24?
22
What is the remainder when 1209 is divided by 110?
109
Calculate the remainder when 165 is divided by 54.
3
What is the remainder when 42 is divided by 23?
19
What is the remainder when 8094 is divided by 20?
14
What is the remainder when 31 is divided by 7?
3
What is the remainder when 490 is divided by 165?
160
What is the remainder when 1370 is divided by 169?
18
Calculate the remainder when 3653 is divided by 1212.
17
What is the remainder when 412 is divided by 26?
22
Calculate the remainder when 5439 is divided by 35.
14
What is the remainder when 111 is divided by 63?
48
What is the remainder when 11462 is divided by 147?
143
Calculate the remainder when 431 is divided by 36.
35
Calculate the remainder when 107 is divided by 55.
52
What is the remainder when 208 is divided by 35?
33
Calculate the remainder when 251 is divided by 73.
32
What is the remainder when 2480 is divided by 144?
32
What is the remainder when 167 is divided by 21?
20
What is the remainder when 125 is divided by 71?
54
What is the remainder when 1438 is divided by 102?
10
Calculate the remainder when 293 is divided by 130.
33
Calculate the remainder when 304 is divided by 179.
125
What is the remainder whe